Let u(a) = -4*a**2 + 2*a - 11. Let x be u(6). Let h = x + 151. Suppose m + 4*p = 35, 4*p = m - 20 + 1. Calculate the remainder when m is divided by h.
3
Suppose -5*d - 49 = -j + 124, 0 = -j + d + 189. Suppose 131 = 5*w - 69. What is the remainder when j is divided by w?
33
Let z = -16802 + 16876. What is the remainder when 21532 is divided by z?
72
Let r = -548 - -577. Suppose r*i + 52 = 30*i. What is the remainder when 58 is divided by i?
6
Let x be 1*-3*4/(-12) - -3. Suppose -2*s = -5*z + 162, 3*z + x*s = -4 + 96. Suppose 0 = -z*j + 37*j - 160. Calculate the remainder when j is divided by 11.
10
What is the remainder when 124 is divided by (-15)/3 - 84/(-1 - 3)?
12
Suppose 82 = 4*w - 3*g - 46, w + g = 32. What is the remainder when 129 + -6 - (1 - 2) is divided by w?
28
Let v(z) = 70*z**3 + z**2 - z + 1. Suppose -2*b - c = -731 + 166, 3*b = 4*c + 831. What is the remainder when b is divided by v(1)?
68
Suppose 58 = -x + 166. Suppose -x = 57*o - 63*o. Calculate the remainder when 106 is divided by o.
16
Let l = 210 - 206. Let q(w) = -w**2 + 2*w**2 - 2 + 0*w + 2*w + 9. Calculate the remainder when 61 is divided by q(l).
30
Let p(o) = -o**2 - 20*o + 20. Let m be p(-18). Calculate the remainder when 150 is divided by ((-434)/m)/(2/(-8)).
26
Let n(r) = 2*r - 41. Let s be n(20). Suppose 0 = -10*a + 9*a + 63. What is the remainder when a is divided by (s - 22/(-10))*(-40)/(-3)?
15
Suppose 0 = -7*l + 45 - 3. Calculate the remainder when (-57)/((-14)/4 - -2) is divided by (((-22)/l)/(-1))/((-78)/(-468)).
16
Let p(y) = 0*y**2 + 5*y**2 - y**2 + y + 59 - 3*y**2. Calculate the remainder when 115 is divided by p(0).
56
Let j(r) = 2*r**3 + 18*r**2 - 46*r - 6. Let n be j(-11). Suppose 4*c = 0, -2*u - 3*c + 0*c + n = 0. What is the remainder when 166 is divided by u?
6
Let u = 0 - -6. Let j(t) = 26*t - 205. Let c(g) = -g**3 + 5*g**2 - 4*g + 8. Let w be c(4). What is the remainder when u is divided by j(w)?
0
Let h(i) = -9 - 1 - i**2 - 5*i - 5*i - 3. Suppose 2*d - 2*j - 80 = 0, d = 5*d - 3*j - 162. Calculate the remainder when d is divided by h(-6).
9
Suppose 0 = -29*v + 34*v + 35. Calculate the remainder when v/(147/(-259))*3 is divided by 8.
5
Suppose 3050 = 21*l + 40*l. Calculate the remainder when 115 is divided by l.
15
Let c = 36 - 31. Calculate the remainder when c is divided by 3/30*5*-2 - -5.
1
Suppose 16 = -20*x + 24*x. Suppose 1 = -4*a + x*q + 5, 1 = -4*a - q. Suppose a = -11*s + 58 + 19. What is the remainder when 12 is divided by s?
5
Suppose 10 - 78 = 4*d. Let k = d - -221. Calculate the remainder when k is divided by 41.
40
Let n = 411 - -64. What is the remainder when n is divided by 40?
35
Let x(k) = 115*k + 3904. Calculate the remainder when x(-30) is divided by 138.
40
Let x(i) = -2*i**3 + 48*i**2 - 111*i - 298. Suppose 294 = 4*n + 102. What is the remainder when n is divided by x(21)?
14
Let c = 322 + -142. Let y = 274 - c. Calculate the remainder when y is divided by 19.
18
Suppose 2*w - 7*w + 3*s + 4 = 0, 2*s + 4 = 4*w. Let p be (-3*(-1)/w)/(66/(-176)). Calculate the remainder when 39 is divided by (-56)/p*(-9)/(-6).
18
Let f = 1724 + -1720. Suppose -f*i = 3*n - 106, -i = -5*n - 14 - 1. Let d = 2 + 5. Calculate the remainder when i is divided by d.
4
Let z(f) = -f**3 - 106*f**2 - 19*f - 1277. Calculate the remainder when z(-106) is divided by 180.
17
Suppose -3*g - 2119 = -2*t, 5*g = -198*t + 201*t - 3181. Calculate the remainder when t is divided by 66.
62
Suppose 4*h - 5 = h - 2*l, -5*l = -h - 4. Let v be 3 - -1 - 1 - h*-3. Suppose d - 41 = v. Calculate the remainder when d is divided by 7.
5
Let c = 1454 + -1409. What is the remainder when c is divided by ((4 - 5) + 5)/((-1)/(-1))?
1
Suppose 0 = -76*p + 7438 + 8750. What is the remainder when 413 is divided by p?
200
Suppose -k + 34 + 39 = 2*v, -v = 4*k - 54. Suppose j + 5*m = m + 317, -m - 5 = 0. Calculate the remainder when j is divided by v.
31
Suppose -s - 151 - 59 = i, 0 = s - i + 218. Let g = 325 + s. Calculate the remainder when g is divided by 23.
19
Let o(a) = 26*a - 1181. Calculate the remainder when o(80) is divided by 36.
35
Let m(u) = -2*u**2 + 16*u - 20. Let g be m(7). Let k = 161 + -122. What is the remainder when k is divided by g/8 + 756/48?
9
Let d(f) = -5*f - 3*f - 103 - f**2 + 38*f. What is the remainder when 139 is divided by d(25)?
7
Let b = 540 - 501. What is the remainder when 462 is divided by b?
33
Suppose 9 = 9*i - 18. Suppose 83 = -i*z + 2*g - 19, -3*z - 99 = -g. What is the remainder when 22 is divided by -3 + (z/3)/(4/(-6))?
9
Suppose -29*m + 353 = -817 - 2919. Calculate the remainder when 5357 is divided by m.
140
Suppose 0*r + a = -4*r + 80, 4*a - 60 = -3*r. Suppose 38*w - 1633 - 102 - 355 = 0. What is the remainder when w is divided by r?
15
Suppose t - 5 = 3*q, 5*q - 5 = 4*t + t. Calculate the remainder when 11 is divided by 1*7 + t/(-12)*-9.
3
Suppose -1326 = 6*u - 6312. Let p = 1177 - u. What is the remainder when p is divided by 58?
56
Suppose 265*b = 261*b - 16. What is the remainder when (-63*(-12)/36)/((-6)/b) is divided by 7?
0
Suppose 6*b - 268 = 2*b. Let r be 0/(-2 - -2 - (-2)/(-2)). Suppose 2*h + 3*c - 67 + 21 = r, -2*h + 22 = -3*c. What is the remainder when b is divided by h?
16
Let b(s) = 9*s**2 - 269*s + 203. What is the remainder when b(31) is divided by 14?
9
Suppose -392*g = -390*g - 4. Calculate the remainder when 135 is divided by (476/35)/(g/10).
67
Suppose -74*j + 284 + 2454 = 0. Let c(b) = -3*b**3 + 4*b**2 - 3*b. Let s be c(3). What is the remainder when j is divided by (0 - s/3) + -3?
7
Suppose 11 + 592 = 3*p. Suppose 5*s = p + 84. Let c(m) = 2*m**3 + 4*m - 3. What is the remainder when s is divided by c(2)?
15
Let n(a) = -a - 1. Let o(r) = 2*r. Let d(s) = -2*n(s) - 2*o(s). Let m be d(1). Suppose -5*v + 12*v - 259 = m. Calculate the remainder when v is divided by 19.
18
Suppose 38685 + 60406 = 197*o. What is the remainder when o is divided by 162?
17
Let p(m) = 45*m**3 - m**2 + 2*m - 1. Let l be p(1). Let f be -2 + 100/l - (-824)/18. Let o = 52 - f. Calculate the remainder when o is divided by 3.
0
Let h = 1939 + -1920. What is the remainder when h is divided by 17?
2
Let m be 1 + 4 + 3 + -5. Let j(a) = 3*a**2 - 5*a + 2. Let k be j(m). Suppose k*s + 64 = 18*s. What is the remainder when 77 is divided by s?
13
Let u be (6 + -2 + 3)*-3. Suppose -3*d - 15 = 0, 3*l - 8 = l - 2*d. What is the remainder when -7*(-1 + 57/u) is divided by l?
8
Let n(h) = -4*h + 92. Let y be n(13). Suppose 30 = -5*t + y. Suppose 16 = x + x. What is the remainder when x is divided by t?
0
Let x be 3 - (-2 + (-4)/4). Calculate the remainder when (-1 - 4) + (-26 - -30) + 17 is divided by 12 - 2/(4/x).
7
Suppose -4*a + 93 = 5*s, -23*a = -3*s - 28*a + 61. Calculate the remainder when (-1344)/(-9) + (-2)/6 is divided by s.
13
Let l(s) = -s**2 - 10*s + 32. Calculate the remainder when 2810 is divided by l(-10).
26
Let m(l) = -309*l - 5933. What is the remainder when m(-38) is divided by 39?
37
Let l(a) = 6*a + 10. Let h = 675 + -619. Suppose 0 = -10*b + h - 6. What is the remainder when l(8) is divided by b?
3
Let u = 2574 - 1853. What is the remainder when u is divided by 18?
1
Let v(s) be the second derivative of s**4/12 - s**3/3 - 10*s**2 + 265*s. What is the remainder when 84 is divided by v(-7)?
41
Suppose 4*n - 36*n + 126048 = 0. Calculate the remainder when n is divided by 68.
63
Let i = -2 - -4. Suppose -19 + 34 = 3*z. Suppose -z*q = -9*q + 20. Calculate the remainder when q is divided by i.
1
Suppose 2*s + 86 = 2*k, 5*k - s + 109 = 8*k. Suppose -k*w + 4162 = -208. Calculate the remainder when w is divided by 15.
10
Let o = 771 - 939. Let l = 1 + 0. What is the remainder when (0 + l/(-2))*o/2 is divided by 9?
6
Let u = -98 + 106. Suppose -u*d + 14 = -82. Calculate the remainder when 29 is divided by d.
5
Suppose -27*m = -268 - 218. Suppose -m = -c - 3. What is the remainder when 72 is divided by c?
12
Suppose 0 = -5*h - m - 0*m + 1350, -2*m = 5*h - 1350. Suppose -24*u + 3648 = -5*u. Let p = h - u. What is the remainder when p is divided by 9?
6
Let t(l) = 6*l**3 - 8*l**2 - 51*l + 48. Suppose 2*k + 3*k = 80. What is the remainder when t(6) is divided by k?
14
Let i(j) be the second derivative of j**5/10 + j**4/12 + j**3/6 + 11*j**2/2 + 21*j. Calcula